 - 1 + 7 + 0*y. Suppose -6 = -u - 2*s - 21, 3*s = 5*u + 10. Give a(u).
1
Let v(c) be the first derivative of c**5/20 - 7*c**4/6 - c**3/6 + 17*c**2/2 - c + 20. Let w(z) be the first derivative of v(z). What is w(14)?
3
Suppose 3*x = 2*l + 9, 2 = 2*x + 4*l - 4. Suppose 2*f + x*y = 2*y + 20, 0 = 4*f + 5*y - 46. Let s(o) = o**2 - 7*o - 12. Give s(f).
6
Let t(j) = -5*j - j - j + 1 + 6*j. Let c be t(-3). Let g(y) = -y - 2. What is g(c)?
-6
Let a(g) = -g**2 + g - 4. Suppose -3*p = -3*s - 15, -25 = 5*p - p + 5*s. What is a(p)?
-4
Let x(a) = 13*a + 56*a**2 + 11 - 14*a**2 - 9*a**2 - 12*a**2 - 19*a**2. Give x(-9).
56
Let c(q) = -7*q - q**2 + 2*q - 1376 + 1381. Calculate c(-5).
5
Let f(o) = -2*o**2 + 8*o - 4. Let m = 861 - 855. Determine f(m).
-28
Let u(q) = -q**3 - 15*q**2 - 24*q + 26. Let v be u(-13). Let j(d) = -2*d - 14. What is j(v)?
-14
Let h(g) = 12 + 6 + 3 + 2*g. Let d be h(-8). Let v(b) = -b**2 + 5*b - 2. What is v(d)?
-2
Let l = 1055 - 1055. Let c(v) be the first derivative of 1 + 1/2*v**2 + 4*v. What is c(l)?
4
Let j(v) = 10*v - 158. Let m be j(16). Let y(i) = i - 1. Give y(m).
1
Let s(h) = -161*h - 6 + 86*h + 77*h. Give s(-7).
-20
Let f(k) = 3*k + 2. Let u = -55 - -75. Suppose -u = 3*w + p, -5*w + w + 3*p = 18. What is f(w)?
-16
Let n(w) = w**3 - w + 6. Let l = 11 + -14. Let f = l - -6. Let v = 3 - f. What is n(v)?
6
Let h be 120/96*(-12)/(-10). Let b(o) be the second derivative of 0 + 1/6*o**3 - h*o**2 - 4*o. Give b(7).
4
Let z be (1/2)/(6/(-24)). Let n be 4*(-5)/(-20) + z. Let q(g) = 8*g - 1. Calculate q(n).
-9
Let f(p) = -16*p**2 + 7*p + 3*p**2 + 7 + 14*p**2. Let m(c) = 17*c + 44. Let a be m(-3). What is f(a)?
7
Suppose -22*u - 8 = -20*u. Let z(o) = -o**2 + o + 1. Calculate z(u).
-19
Suppose -7 + 10 = o. Let c(x) = -2*x**2 + 24 - 6*x**2 - 8*x**2 - 22 + x**o. Let s be c(16). Let u(n) = n**3 - 2*n**2 + n - 2. Determine u(s).
0
Let t(l) = l + 1. Let p be t(3). Let a(u) = 3*u**2 - 6*u**2 - 2*u**3 - u + u**3 + p*u**2 - 1. Let n(k) = -k**2 + 5*k. Let f be n(5). Calculate a(f).
-1
Let v = 50 + -54. Let a = v + 11. Let r(x) be the third derivative of x**6/120 - 7*x**5/60 + x**4/12 - 3*x**3/2 + 3*x**2. Give r(a).
5
Let u(x) = -x**2 + 12*x + 16. Let v be (-3)/(-1) + 35*(-4)/(-14). Give u(v).
3
Let d(y) = y - 5. Let n be d(6). Let i(l) = 5*l**2 - 6*l + 1. Let w(a) = -a**2. Let p(k) = n*i(k) + 6*w(k). Let v be (-14 - 0)/(-8 - -10). Calculate p(v).
-6
Suppose -3*h + 23 = -4*v - 3, -4*v - 3*h - 14 = 0. Let o be v/2 - (-4)/8. Let u(f) = -74*f**2 + f - 75*f**2 - f**3 - 3*f + 150*f**2. What is u(o)?
16
Suppose 0 = 2*h - 2*s - 22, 2*h + 2 = 2*s - 6*s. Let j(g) = 5*g**3 + 2*g**2 - 8*g + 8. Let d(f) = f**3 - f**2 + 1. Let p(x) = 6*d(x) - j(x). Determine p(h).
5
Suppose w = -n + 6*w + 5, 0 = -4*n + 4*w + 20. Let d(b) = -5*b. Calculate d(n).
-25
Let u(d) be the second derivative of -d**4/12 - d**3/2 + d**2 - 5*d. Suppose y = -y + 8. Suppose y + 2 = -2*b - w, -w = 3*b + 11. Determine u(b).
-8
Let l(j) = -2*j - 6. Let u be (7 - (2 - (-5 - -2)))*-3. Calculate l(u).
6
Let x be (-3)/(-6)*(-1 + -1). Let j(o) be the second derivative of -o**4/3 - o**3/6 - o**2/2 + 96*o. Calculate j(x).
-4
Let u = 45 - 43. Suppose 3*y + g - u = 3, -4*g = 4*y + 4. Let v(a) be the second derivative of -a**5/20 + a**4/4 + a**3/6 - 2*a**2 + 2*a. What is v(y)?
-1
Let j(l) be the second derivative of l**6/240 - l**5/120 + l**4/6 - 15*l. Let m(t) be the third derivative of j(t). Determine m(4).
11
Let f = -862 + 864. Let c(l) = 5*l**3 - l - 1. Give c(f).
37
Let w(a) = 2*a**2 + 2*a - 11. Let h(j) = -3*j**2 - 2*j + 13. Let y(c) = -4*h(c) - 5*w(c). Give y(-3).
27
Let c(x) = -2*x - 37. Let w be c(-21). Let b = -4 - -7. Let d(s) = 0*s**b - 6*s**2 + 2*s**3 - s**3 - 7 + 8*s. Give d(w).
8
Let k(b) = b**3 + 5*b**2 + 3*b - 4. Let o(d) = d**2 - 13*d - 17. Let a be o(14). Let r = a + 6. Let u be (-12)/(-2)*(-2)/r. What is k(u)?
0
Let y(w) be the second derivative of -w**5/20 + w**4/2 + 3*w**3 - w**2 - 6*w + 85. What is y(8)?
14
Suppose 2*c + 3*m = -6, 5*m = -4*c - 0*m - 8. Let o = -20 - -23. Let b(l) = -l + 2*l - o + 3*l - 2*l. Determine b(c).
3
Let r(z) = -3 - 4 + 21*z - 18*z. Let o be r(3). Let y(w) = 3*w**3 + 6*w - 2*w**3 + 0*w**3 - 6*w**o - 6. What is y(5)?
-1
Let z(f) = -f**3 + 7*f**2 - 6*f. Suppose 0 = -5*g - 5*m - 15, -2*g - 3 = m - 0. Suppose 3*s + s - 12 = g. Suppose s*n - 7 = 11. What is z(n)?
0
Suppose -4*x = -7*x + 15. Suppose y - 5*k = 11, 0*k - x*k = -5*y - 5. Let z = y - -6. Let d(b) = b**3 - 4*b**2 + b + 2. Determine d(z).
-4
Let o(m) = -2*m - 10. Let w be o(-6). Let t(a) be the first derivative of a**4/4 - 5*a**3/3 + a**2 + 24. What is t(w)?
-8
Suppose 10*r + 20 = -10*r. Let p(q) = 3*q**3 + q**2 + q. What is p(r)?
-3
Suppose -3*k + 4 = -2. Let r(g) = 3 - 2*g + g + k*g. Suppose 3*u + 22 = -5*n + 3*n, -3*n + 5 = -5*u. What is r(n)?
-2
Suppose -5*b - 19 = 3*o, -4*b - 3*o - 26 = -6*o. Let i(k) = k - k - 6 - 4*k + 6*k. What is i(b)?
-16
Let m(w) = -14 + 6 - 3*w - w + 3*w. Let z be (20/(-12) + 2)*9. Suppose 5*t + 11 = 3*t - n, -27 = 5*t + z*n. What is m(t)?
-2
Let k(f) be the first derivative of -f**2 - 3*f + 190. Give k(-4).
5
Let v(g) = 2*g - 6. Let c be v(5). Let y(b) = -b + 2. What is y(c)?
-2
Let x(c) = 2*c - 5. Let y be (26/(-39))/(-1 - (-50)/51). Let p = y + -30. Determine x(p).
3
Let l(d) = -6*d - 13. Let j(u) = -2*u - 6. Let h(t) = -13*j(t) + 6*l(t). Calculate h(1).
-10
Let z(v) = 3 - 7*v**2 + 2*v + 2 - v**3 - 2 + 1. Let m(g) = -g**3 + 3*g**2 - 4*g + 5. Let c be (-13)/(-5) - (-6)/15. Let l be m(c). Calculate z(l).
-10
Let h be -2 - ((-2)/(-1) - 6). Suppose n = 3*s, -14 = h*n - 7*n + s. Let p(r) = -r + 7. Let f(o) = 1. Let g(l) = 4*f(l) - p(l). Give g(n).
0
Let g(a) be the third derivative of -a**6/40 - a**5/30 + a**4/8 + a**3/3 + 28*a**2 + 2. Give g(-2).
12
Let u(t) = t**3 - t**2 + 1. Suppose 38 - 23 = -3*d - 3*y, -4*d = -4*y - 20. Determine u(d).
1
Let v(k) = -k**3 + 8*k**2 - 7*k + 2. Let s = 10 - 3. Let m be v(s). Let o(f) = 2*f**2 + 4*f**2 - 1 - 3*f**m + f + 4*f**2. Calculate o(1).
7
Let c(w) = 4*w + 3 + 0 - 4. Suppose -5*l = 3*f + 7 - 17, -3*f = 3*l - 6. What is c(l)?
7
Suppose -27*i - 5*n = -31*i + 98, -n = 2*i - 42. Let b(h) = h**3 - 22*h**2 + h - 31. Determine b(i).
-9
Let q = 8 + -7. Suppose 0*w = w - 5. Let z(n) = -w*n**2 - n**2 - 3*n + 1 - 4*n**2 + 2*n. Give z(q).
-10
Let z(l) be the third derivative of -1/6*l**4 + 0*l + 0 + 1/60*l**5 + 6*l**2 + 1/3*l**3. Let r(m) be the first derivative of z(m). What is r(5)?
6
Let m(k) = -5 + 7*k - 2730*k**2 + 2731*k**2 + 2. Suppose 0 = 8*u + 98 - 42. Give m(u).
-3
Let u = 206 - 201. Let c(r) = r**3 - 5*r**2 - 4*r + 4. What is c(u)?
-16
Let h = -1 - -6. Let x(l) = 4 - 2*l + 2*l - l**3 + l - h*l**2. Let m be (-2 + -1)*((-88)/(-24) + -2). Give x(m).
-1
Suppose 0 = -5*j, 0 = -309*z + 308*z + j + 29. Let d(f) = -f**2 + 31*f - 48. Determine d(z).
10
Let f(t) be the third derivative of -1/60*t**5 + 0 + 1/3*t**4 + 0*t - t**2 - 2/3*t**3. Suppose -28 = -3*w + 5*b, b = -3*w - 4*b + 8. What is f(w)?
8
Let w(d) = 13*d. Let l be (1 - 2)*(-14 + 15). Determine w(l).
-13
Let r(j) = 8*j - 2. Let s be r(2). Let l = s + -16. Let n(a) = -2*a**3 - 3*a**2 - a - 2. Let z be n(l). Let k(t) = -t**2 + 2*t. What is k(z)?
-8
Let p(v) be the first derivative of -8*v - 1/3*v**3 - 18 - 9/2*v**2. What is p(-7)?
6
Let t(w) = 9*w**2. Let r = 2 + 23. Suppose p = -4*p + r. Suppose -p*y = -4*g - 13, -5*y + 3*g = -6 - 5. Determine t(y).
9
Let z(j) = -9*j + j**2 + 38*j + 7 - 20*j. Give z(-8).
-1
Let c(l) = -2*l**2 + 3*l - 2. Suppose -5*x - 494 = -509. Determine c(x).
-11
Let d(n) = 6*n + 5. Let q(i) = 7*i + 6. Let h be 1*((0 - 2) + 7). Let y(f) = h*q(f) - 6*d(f). Give y(4).
-4
Let n(q) = 9 - 59*q**2 - q**3 + 74*q**2 - 28 - 13*q. Let o be n(14). Let h(z) = -z**3 - 6*z**2 - 5*z + 6. Determine h(o).
6
Let b(u) = 2*u - 8. Let w(k) = k + 4. Let c(v) = -v - 5. Let r(n) = 6*c(n) + 5*w(n). Let m be r(-16). Calculate b(m).
4
Let f(r) = -6*r + 7. Let j(d) = 2*d - 3. Let b(y) = -4*f(y) - 9*j(y). What is b(-1)?
-7
Let n(z) = -z**3 - 5*z**2 + 5*z - 7. Let j(v) = 3*v**3 + 10*v**2 - 11*v + 15. Let f = 39 + -44. Let r(a) = f*n(a) - 2*j(a). Calculate r(4).
9
Let h(z) = z**3 + 9*z**2 + 8*z - 6. Suppose -2*u - 8*q + 3*q = 31, -5*u - 49 = 3*q. What is h(u)?
-6
Let f be (-3)/(-2 + 3/6)*1. Let v